In base 10, what is -62 - 4324874?
-4324936
In base 10, what is 4 + 5049697?
5049701
In base 15, what is -49069 - 12b?
-49195
In base 9, what is -673422 - -173?
-673238
In base 8, what is 137324626 - 4?
137324622
In base 4, what is -110311123 + -2102?
-110313231
In base 12, what is 0 - a417809?
-a417809
In base 12, what is -24974 + 5481?
-1b4b3
In base 7, what is 263240 + -1046?
262161
In base 12, what is 32040 + 7121?
39161
In base 9, what is 713 + -26177?
-25364
In base 12, what is -19372832 - -a?
-19372824
In base 7, what is 54460300 + -4?
54460263
In base 16, what is ac514 - -2?
ac516
In base 5, what is -3300221 + 1?
-3300220
In base 2, what is -1000 + 1011000111101111110100111?
1011000111101111110011111
In base 3, what is 1002 - 12020122202?
-12020121200
In base 9, what is 80 - -128711?
128801
In base 15, what is 20 + -31a389?
-31a369
In base 6, what is -115534 + -45501?
-205435
In base 16, what is -5ad251 + 4?
-5ad24d
In base 9, what is 537 + 2373243?
2373781
In base 9, what is 166263 - 1811?
164352
In base 8, what is 3105 - -717506?
722613
In base 5, what is -14334031224 + -1?
-14334031230
In base 11, what is -85 + -71233?
-71308
In base 14, what is 94bd26 - -4?
94bd2a
In base 12, what is -1980 + -2b066?
-30a26
In base 2, what is -11101001 + -101100110000100?
-101101001101101
In base 12, what is 3 + -1aaa273?
-1aaa270
In base 5, what is -30 - 12220010121?
-12220010201
In base 4, what is 1212110 + 120103?
1332213
In base 9, what is -13 + 5606550?
5606536
In base 15, what is 167e + -1ec3?
-844
In base 10, what is -266974 + 42?
-266932
In base 9, what is 21 + -23254247?
-23254226
In base 13, what is 43 + -729a5?
-72962
In base 11, what is -659031 + 11?
-659020
In base 13, what is -c88 + -47382?
-4833a
In base 12, what is 394615 - -a?
394623
In base 9, what is 8180415 - -15?
8180431
In base 12, what is 303b0490 + -4?
303b0488
In base 5, what is 324 + -10103001?
-10102122
In base 2, what is -11 + 11011111111000100101100?
11011111111000100101001
In base 15, what is -632 - -427a?
3b48
In base 4, what is 1 + 10101133301?
10101133302
In base 8, what is 5323 - -1527014?
1534337
In base 4, what is -2132202 - 3220032?
-12012300
In base 5, what is 1442120 + -110314?
1331301
In base 2, what is 110111110110001111 - -101011010111?
111000100001100110
In base 4, what is -211113003 + 1013?
-211111330
In base 6, what is -10402120 + 1053?
-10401023
In base 16, what is 0 + e560e?
e560e
In base 3, what is -1100 - 211020122222?
-211020201022
In base 8, what is -3 + 13606043?
13606040
In base 8, what is -23637 - 1531?
-25370
In base 14, what is 51a - -b5c7a?
b6396
In base 12, what is 873 - 13519?
-12866
In base 14, what is -c81 + 244d?
15ac
In base 9, what is 2 - -1052628?
1052631
In base 2, what is 1 + -1011111111001000010110?
-1011111111001000010101
In base 10, what is 49947 + -3937?
46010
In base 6, what is 1042 - 3131233?
-3130151
In base 3, what is -111211 + -1100220112?
-1101102100
In base 2, what is 1 - -10110011110010101001?
10110011110010101010
In base 2, what is 101 - -1100110000111010011010000010?
1100110000111010011010000111
In base 8, what is -1602561 - -2?
-1602557
In base 11, what is -7 - -6252504?
62524a8
In base 7, what is 1 - 42216425?
-42216424
In base 15, what is 17b0e + -15a0?
1655e
In base 16, what is -234d - 179d?
-3aea
In base 3, what is -202010022 + -1022100?
-210102122
In base 3, what is 100100112 + -1200120?
21122222
In base 4, what is 2122331102002 - -2?
2122331102010
In base 13, what is 2ac06c3 - 3?
2ac06c0
In base 8, what is -67224546 - -1?
-67224545
In base 3, what is -212 - 1122202221021?
-1122202222010
In base 16, what is 2d44 - -470?
31b4
In base 11, what is 58 + -62a987?
-62a92a
In base 6, what is 4 - 11000543?
-11000535
In base 11, what is 16127a5 - 215?
1612590
In base 3, what is 122211112201021202 - 11?
122211112201021121
In base 2, what is -1000100000000110110010010110 + 10?
-1000100000000110110010010100
In base 8, what is -21527726 - 12?
-21527740
In base 14, what is -3ac1da10 + -5?
-3ac1da15
In base 3, what is -1012210010002 - -21?
-1012210002211
In base 7, what is -154 - 4246630?
-4250114
In base 3, what is 2220211 - -10100110000?
10110100211
In base 3, what is 0 - 22120022001111?
-22120022001111
In base 13, what is -58bbc32 + 4?
-58bbc2b
In base 2, what is 1010 - -1110010010110010010110?
1110010010110010100000
In base 14, what is -981d3 - -6cc?
-97905
In base 7, what is -1 + 151640203?
151640202
In base 11, what is 4358a + 303?
43892
In base 8, what is 651705 + -10?
651675
In base 3, what is 122220011 - -2?
122220020
In base 13, what is -1ab33b + -13?
-1ab351
In base 12, what is -21 + -442?
-463
In base 2, what is 111001110001011101 + -10111100001?
111001011001111100
In base 15, what is a03 - -573?
1076
In base 4, what is 203022033312303 - 11?
203022033312232
In base 10, what is 376 - -1454678?
1455054
In base 9, what is 487 - -42460?
43057
In base 3, what is -12010000100101 + -100021?
-12010000200122
In base 8, what is 13 + 44642401?
44642414
In base 12, what is -389 - -39?
-350
In base 7, what is -233334 + -1331?
-234665
In base 14, what is 6 + -d2cca?
-d2cc4
In base 15, what is -2 - -b739ee?
b739ec
In base 13, what is 3 - -a5342?
a5345
In base 11, what is -2 + 449144?
449142
In base 13, what is -57a17 + -4b?
-57a65
In base 16, what is -f4ca + 34?
-f496
In base 4, what is -11 + -203103100?
-203103111
In base 11, what is -21a + 42691?
42472
In base 10, what is 2376146 + -39?
2376107
In base 3, what is 1020 - -100102020001?
100102021021
In base 11, what is 323608 + 807?
324314
In base 2, what is 110111000 - -111000000011?
111110111011
In base 10, what is -3380 - -3615?
235
In base 16, what is d29 + a6a?
1793
In base 12, what is -24b5 + -436b7?
-45bb0
In base 4, what is 2003333 - -2101103?
10111102
In base 7, what is 146 + 460652?
461131
In base 7, what is 4140654 - 4156?
4133465
In base 3, what is 11201220212 - 10002112?
11121211100
In base 7, what is -126265164 - 0?
-126265164
In base 4, what is -1233 + 302322212?
302320313
In base 15, what is 5 + 7dab11?
7dab16
In base 8, what is -6636233 - 172?
-6636425
In base 6, what is -2000 + 512410?
510410
In base 15, what is b + c9a6d?
c9a79
In base 10, what is 182 - 198054?
-197872
In base 9, what is 6 - 15614338?
-15614332
In base 15, what is -3 - -414458d?
414458a
In base 3, what is -101020 - 1200222201121?
-1201000002211
In base 15, what is 1796b0 + b?
1796bb
In base 10, what is 1377 + -10454?
-9077
In base 14, what is 678d + ac?
685b
In base 8, what is 145543366 - 1?
145543365
In base 5, what is 2224110 - 24301?
2144304
In base 3, what is 2101101021 - -1012101?
2102120122
In base 12, what is 144b49 - -4?
144b51
In base 13, what is -971 - -1605?
964
In base 11, what is -a - -2004337?
2004328
In base 15, what is a07bea + 5b?
a07c56
In base 10, what is -3 - 3245591?
-3245594
In base 4, what is -10303310 - -122?
-10303122
In base 12, what is -59066b + 17?
-590654
In base 13, what is 12a2b - 5380?
a67b
In base 13, what is -643 - 22262?
-228a5
In base 3, what is -10 - 12101021220020122?
-12101021220020202
In base 5, what is 333 + 20341044?
20341432
In base 11, what is -10a46122 + 5?
-10a46118
In base 14, what is -12780c28 + -6?
-12780c30
In base 5, what is -4 - -23201420200?
23201420141
In base 5, what is 1211132121002 + 2?
1211132121004
In base 12, what is 444b - -13996?
18225
In base 9, what is -205 + -1651708?
-1652014
In base 16, what is -69b - -19d8?
133d
In base 9, what is 41 - -66005?
66046
In base 4, what is 21323211132 + -331?
21323210201
In base 6, what is 1424442113 - -2?
1424442115
In base 2, what is -11100011000 - -1010011000010010?
1001111011111010
In base 7, what is -42343 + 13346?
-25664
In base 8, what is 115263300 - 7?
115263271
In base 5, what is -13 - -124234434?
124234421
In base 9, what is -28805257 - 66?
-28805334
In base 8, what is 1272051 - -366?
1272437
In base 7, what is 4551453065 + -1?
4551453064
In base 4, what is -121122300220112 - -1?
-121122300220111
In base 2, what is 1000011010111011001 - 100000?
1000011010110111001
In base 12, what is -1a7855 + 17a?
-1a7697
In base 12, what is -46395421 + 4?
-46395419
In base 6, what is -2 + -20214034433?
-20214034435
In base 5, what is 30 + 4144320442?
4144321022
In base 2, what is 100100000100010011 - 